vative of 3*m - 3*m**2 + 5/3*m**3 + 4 - 1/4*m**y. Give a(4).
-5
Let q(d) = -d**3 - 2*d**2 + d + 5. Suppose 0 = -5*v - t + 4*t - 32, 5*t = 5*v + 40. Calculate q(v).
33
Suppose 0 = -h, 0 = -k - k + 4*h - 5*h. Let o(a) be the third derivative of -11*a**2 - 1/2*a**3 + 7/24*a**4 + k + 0*a. Determine o(2).
11
Suppose -61*q + 8 = -57*q. Let a = q + -6. Let g(i) be the third derivative of -i**4/24 + 5*i**3/6 + i**2. Calculate g(a).
9
Let x(g) = -g - 6. Let c(i) = i**3 - 6*i**2 + 7*i - 5. Let a be c(5). Let o(p) = -7*p**3 + a*p**3 + p - 2*p**3. Let f be o(1). Calculate x(f).
-3
Suppose 3*y = -y. Suppose -6*u = -9*u + 6. Let h(o) = 4*o - 3*o + o**u - 2 - 1. Calculate h(y).
-3
Let g(v) = -v**2 - 8*v - 12. Let o be (-24)/(-2)*3*(-12)/54. Give g(o).
-12
Let q(z) = z**3 + 14*z**2 - 14*z - 1. Let o = -532 + 517. What is q(o)?
-16
Let j(x) = -60*x + 18*x - 5*x**2 + 18*x - 3 + 15*x + x**3 + 12*x. Suppose -4*l = -0*l - 16. Determine j(l).
-7
Suppose 4*z = 12, 0*s = 3*s + 3*z - 9. Suppose 5*g = w + 15, -2*g - 11 = -s*w + 3*w. Suppose -g*m - 13 + 5 = 0. Let u(t) = -t**3 - 4*t**2 - 4. Give u(m).
-4
Let t be (2 + 5/(-2))*0. Let l(c) = c**3 - 5*c**2 - 3*c - 10. Let m be l(6). Let i(z) = m + 0 + 11*z - 12*z. Determine i(t).
8
Let w(f) = 19*f**2 - 8*f - 2. Let j(t) = -11*t**2 + 4*t + 1. Let b(i) = 7*j(i) + 4*w(i). Suppose 15 + 5 = -5*y. Calculate b(y).
-1
Let w(r) = 2*r**2 + 3*r + 13. Let m(o) = -3*o**2 - 5*o - 19. Let p(d) = 5*m(d) + 7*w(d). Let g(t) = 3*t + 9. Let v be g(-5). Determine p(v).
-16
Let l(t) = 3*t**3 + 18*t**2 - 21*t - 39. Let f(q) = -q**3 - 6*q**2 + 7*q + 14. Let d(n) = 11*f(n) + 4*l(n). What is d(-7)?
-2
Suppose -2*u - 5*t = u + 4, 0 = -u + 5*t - 8. Let d(p) = -p**2 + p. What is d(u)?
-12
Let h(j) = -j**2 + 11*j - 12. Let f be h(11). Let l(x) = x + 18. What is l(f)?
6
Let j = 798 - 801. Let q(x) = -2*x**2 + 2*x + 4. Give q(j).
-20
Let m(i) = -i**3 - 7*i**2 + 4. Suppose 0 = -5*q + 4*q + 37. Suppose 5*d + q = 2*k, 2*d + 15 = 3*k - 2. Give m(d).
4
Let x be (-72)/(-8) - 4 - (0 - -4). Let k(j) = -j**2 - j + 1. What is k(x)?
-1
Let x(v) = -4 + 1 - v + 2 - 4. Let q(g) = g**2 - 4*g + 1. Let d be q(3). Let t be ((-4)/d - 9) + 1. What is x(t)?
1
Let w = 83 - 70. Let u(x) = x**2 - 11*x - 18. Determine u(w).
8
Let k(c) = c**2 - 65*c + 458. Let w be k(57). Let r(y) = 14*y - 7. Determine r(w).
21
Let g(o) = 43*o - 12*o - 12*o - 12*o - 1. Calculate g(1).
6
Let a(t) = -7*t + 37. Let w(f) = 19*f - 109. Let y(o) = 11*a(o) + 4*w(o). Calculate y(-28).
-1
Let l be 27/6 - (-5)/(-10). Let s be l + (-1 - 7 - 0). Let b(p) = p + 1. Let w(i) = -i**2 - 10*i - 3. Let m(q) = -5*b(q) - w(q). Determine m(s).
-6
Let t(s) = -s**3 - 14*s**2 - 13*s + 5. Let o be t(-13). Suppose 2*u = 0, 5*b + o*u - 22 = 8. Let d(g) = -3*g + 1 - 2*g**2 - 3*g + b*g. Determine d(2).
-7
Let t = 68 + -66. Let o(m) = -3*m - 5*m + 9*m + m**t + 1 + 3*m. Calculate o(-3).
-2
Let r(j) be the first derivative of j**2/2 - j + 215. Calculate r(12).
11
Let a(r) = 4*r + 1. Let m = -177 + 178. What is a(m)?
5
Let f = 28 - 28. Suppose f = -4*j - 10 + 26. Suppose 0 = -j*y - 2 - 2. Let g(i) = 7*i. What is g(y)?
-7
Let m(z) = 7*z + 8*z**2 + z**3 + 3 + 4 - 2. Suppose 0 = 12*w - 9*w - 9. Suppose -l = -3*l, 21 = -w*d - 4*l. What is m(d)?
5
Let l(h) be the first derivative of 2*h**3/3 + 7*h**2 - 8*h - 675. What is l(-8)?
8
Let x(w) = -w**3 + 6*w**2 - 4*w - 1. Let v = -234 + 238. Calculate x(v).
15
Let w = -111 - -41. Let j be ((-4)/10)/(7/w). Let k(b) be the second derivative of b**5/20 - 5*b**4/12 + 5*b**3/6 + b**2/2 - 3*b. Determine k(j).
5
Let w(k) be the third derivative of 14*k**2 - 1/24*k**4 + 0 + 7/6*k**3 + 0*k. Calculate w(4).
3
Let w(j) = -j**3 + 9*j**2 - 2*j + 20. Let l be w(9). Suppose -3 = l*a - 5. Let s(r) = -14*r. Determine s(a).
-14
Let o be (5 - (-2 + 0))/(-1). Let z(p) = 3*p + 40. Let f(v) = 2*v + 27. Let u(c) = -7*f(c) + 5*z(c). Calculate u(o).
4
Let m(b) = 4 - 10 - 17 + b + 1. Determine m(9).
-13
Let d(g) = -g**3 - 7*g**2 + 4*g + 18. Let n(w) = -13*w + 97. Let f be n(8). Determine d(f).
-10
Let j = 1 - -2. Suppose 2*i + 66 - 72 = 0. Let c(g) = 3 + 5 + g**3 - 6 - 4*g - i*g**2. Calculate c(j).
-10
Let h(v) = v + 1. Let u(l) = -9*l - 2. Let w(i) = 3*h(i) + u(i). Suppose -5*m = -3*m - 14. Let k be 4 + m/(-1) + 2. What is w(k)?
7
Let l(z) = -z**2 + 10. Suppose 40*m - 37*m + 4*r + 17 = 0, 3 = 3*r. Calculate l(m).
-39
Let t(a) = -2*a + 28. Suppose 4*y + 2*p = 58, -5*y - p + 78 = -2. Determine t(y).
-6
Let j(o) = o**2 + 4*o - 5. Let m be (10/20)/(2/12). Suppose m = 3*g - 9. Let x be -3 - (3 + -6 + g). Give j(x).
-5
Let h(w) = 19*w + 16*w + 22*w - 91*w + 1 + 24*w. Determine h(-2).
21
Let c(z) = z**3 + 6*z**2 + 9*z - 9. Let r be ((-8)/6)/((-92)/12 - -8). What is c(r)?
-13
Suppose 2*k = 16 - 22. Let o(f) be the first derivative of f**4/4 + f**3/3 - 2*f**2 - f + 1. Calculate o(k).
-7
Suppose 30 = 5*d - 5*k, k + 3 = -d + 1. Suppose -b - d*i = 5, -11*b + 8*b - 14 = 5*i. Let j(y) be the first derivative of y**4/4 + 4*y**3/3 + 1. What is j(b)?
9
Let t = -3 + 10. Let d = -9 + t. Let g(z) = -z + 1. What is g(d)?
3
Let t = -56 + 56. Let v(i) be the third derivative of 0*i + 1/2*i**3 + 1/60*i**5 + 0*i**4 + 0 - 1/120*i**6 + i**2. Give v(t).
3
Let x(j) = -3*j + 17. Let n be x(4). Suppose -4 + n = -y. Let l(q) = -2*q**2 + q + 1. What is l(y)?
-2
Suppose 4*v + 5*t - 55 = 0, 55 = 2*v + 2*t - 5*t. Let s(z) = -49*z**2 + 28*z**2 - z + 1 + v*z**2. Calculate s(3).
-11
Let y(r) be the second derivative of -2*r**3/3 + 6*r**2 + 39*r - 4. Calculate y(4).
-4
Let s(h) = -10014*h**3 + 7 + 10015*h**3 + h**2 - 16*h + 15*h. Calculate s(-3).
-8
Let y(o) = -3*o**3 - 2*o + 1. Let q be 2/11 - 31/(-11). Suppose 2 = -q*x - h, x + 3*h + 3 = -11. Calculate y(x).
-4
Let w(m) = m**3 - 4*m + 1. Let z = 992 - 989. Give w(z).
16
Let w = 3 - -4. Let f = 10 - w. Let l(s) = f + s + 0*s - 2*s. Calculate l(-3).
6
Let s(v) = -v - 11. Suppose 26*l + 18 = 29*l. What is s(l)?
-17
Let y(r) = r - 2. Let k(n) be the first derivative of 3/2*n**2 - 5*n + 3. Let w(c) = 2*k(c) - 5*y(c). Calculate w(6).
6
Suppose -r + 0 = 4*k - 1, 3*k + r = 0. Let u(w) = -k - 5*w + 4*w - w. Determine u(3).
-7
Let a(h) be the third derivative of -h**5/60 - 7*h**4/24 - h**3 - h**2. Suppose 2*g - 2*x + 22 = 0, -4*g = -3*x + 5 + 35. What is a(g)?
-6
Let v be (-28)/(-21)*3*2. Suppose -v = 7*u + 27. Let q(z) = z**3 + 5*z**2 - 2*z - 4. Calculate q(u).
6
Let j(m) = m**3 + 13*m**2 + 11*m - 11. Let g(l) = -l**2 + 10*l + 12. Let i be g(12). Determine j(i).
1
Let a(v) be the third derivative of -v**4/2 + v**3/6 + 413*v**2. Give a(2).
-23
Let c(i) = -i - 2. Let x be c(-3). Let h(w) = 31*w**3 - w**2 - 9*w + 3. Let z(g) = -g**3 + 5*g - 2. Let l(o) = -h(o) - 2*z(o). Calculate l(x).
-28
Let a(m) = -2*m - 1. Let n be 1*((-30)/2)/(-3). Suppose 0 = -n*o + 3*o - 8, 3*c - o - 67 = 0. Let d = -23 + c. Give a(d).
3
Let u(h) = 3*h + 9. Suppose -4*i + 0 = 24. Give u(i).
-9
Let s be (-1 - -5)/(-4)*2. Let l be 3/s + 13/26. Let f(i) = 3*i**3 - i. Let g be f(l). Let t(x) = -4*x**2 - 2*x - 3. What is t(g)?
-15
Let j(v) be the third derivative of v**4/24 - 5*v**3/6 - 19*v**2 - 3. Give j(2).
-3
Let a be 58/(-14) - 54/63. Let g(w) be the third derivative of -w**5/60 - w**4/4 + w**2. Determine g(a).
5
Let f(w) = w**3 + 2*w**2 - 4*w + 1. Let v = 152 + -131. Suppose 4*o - 4*c + 32 = -0*c, 0 = 2*o - 3*c + v. Determine f(o).
4
Let d(s) be the second derivative of 0 - 2*s - 3*s**2 - 1/3*s**3. Suppose 19*m + 43 = -71. Calculate d(m).
6
Suppose -4*y + 3*y + 2 = 0. Let p(n) = n**y - 5 + 4*n + 8*n - 8*n. Give p(-4).
-5
Let o = -14 - -20. Suppose -4*w - m - 1 = w, -3*m - 3 = 4*w. Suppose -12 = 2*a + q, w = 2*a + 2*q + o + 6. Let v(s) = -2*s - 7. Calculate v(a).
5
Let g(k) = -4*k + 7*k**2 + 1 + 4*k**2 - 30*k**2 + 2*k. What is g(1)?
-20
Let n(k) = -5*k**2 + 18*k - 17. Let m(c) = 2*c**2 - 8*c + 9. Let r(a) = 7*m(a) + 3*n(a). What is r(-4)?
4
Suppose 36*c - 26*c = 10. Let g(l) be the second derivative of 3*l**5/20 - 3*l. Give g(c).
3
Let g(j) = 3 - 1188*j + 1 + 1190*j + 3*j**3 - 3. Let o(d) be the third derivative of d**4/24 + 2*d**2. Let z be o(-1). Give g(z).
-4
Suppose 4*d + 40 = -4*d. Let r(q) = q**3 + 5*q**2. Let c be r(d). Let i(k) = -k**2 - k - 6. Calculate i(c).
-6
Let z(w) = -w**2 - 1. Let i = -195 - -198. Determine z(i).
-10
Le